{"id":37396,"date":"2024-09-02T12:42:12","date_gmt":"2024-09-02T15:42:12","guid":{"rendered":"https:\/\/www.senna.com\/?post_type=anos-de-corrida&#038;p=37396"},"modified":"2024-10-17T19:42:32","modified_gmt":"2024-10-17T22:42:32","slug":"temporada-1987","status":"publish","type":"anos-de-corrida","link":"https:\/\/www.senna.com\/en\/anos-de-corrida\/formula-1\/temporada-1987\/","title":{"rendered":"1987"},"content":{"rendered":"\n<p>A temporada de 1987 ficou na hist\u00f3ria pela primeira conquista de um piloto brasileiro em M\u00f4naco e pela incr\u00edvel performance em Suzuka, onde Ayrton largou na s\u00e9tima posi\u00e7\u00e3o e garantiu o 2\u00ba lugar no p\u00f3dio.<\/p>\n\n\n\n<p>Apesar de uma temporada mediana por falta de investimento da equipe no carro, Senna conseguiu fechar a classifica\u00e7\u00e3o geral em 3\u00ba lugar. Foi o \u00faltimo ano do piloto na Lotus.<\/p>\n","protected":false},"excerpt":{"rendered":"<p>A temporada de 1987 ficou na hist\u00f3ria pela primeira conquista de um piloto brasileiro em M\u00f4naco e pela incr\u00edvel performance em Suzuka, onde Ayrton largou na s\u00e9tima posi\u00e7\u00e3o e garantiu o 2\u00ba lugar no p\u00f3dio. Apesar de uma temporada mediana por falta de investimento da equipe no carro, Senna conseguiu fechar a classifica\u00e7\u00e3o geral em [&hellip;]<\/p>\n","protected":false},"featured_media":37414,"parent":37393,"menu_order":0,"template":"","format":"standard","anos":[240],"corrida":[168],"tipo-de-pagina-":[172],"class_list":["post-37396","anos-de-corrida","type-anos-de-corrida","status-publish","format-standard","has-post-thumbnail","hentry","anos-240","corrida-formula-1","tipo-de-pagina--containers"],"_links":{"self":[{"href":"https:\/\/www.senna.com\/en\/wp-json\/wp\/v2\/anos-de-corrida\/37396"}],"collection":[{"href":"https:\/\/www.senna.com\/en\/wp-json\/wp\/v2\/anos-de-corrida"}],"about":[{"href":"https:\/\/www.senna.com\/en\/wp-json\/wp\/v2\/types\/anos-de-corrida"}],"version-history":[{"count":0,"href":"https:\/\/www.senna.com\/en\/wp-json\/wp\/v2\/anos-de-corrida\/37396\/revisions"}],"up":[{"embeddable":true,"href":"https:\/\/www.senna.com\/en\/wp-json\/wp\/v2\/anos-de-corrida\/37393"}],"wp:featuredmedia":[{"embeddable":true,"href":"https:\/\/www.senna.com\/en\/wp-json\/wp\/v2\/media\/37414"}],"wp:attachment":[{"href":"https:\/\/www.senna.com\/en\/wp-json\/wp\/v2\/media?parent=37396"}],"wp:term":[{"taxonomy":"anos","embeddable":true,"href":"https:\/\/www.senna.com\/en\/wp-json\/wp\/v2\/anos?post=37396"},{"taxonomy":"corrida","embeddable":true,"href":"https:\/\/www.senna.com\/en\/wp-json\/wp\/v2\/corrida?post=37396"},{"taxonomy":"tipo-de-pagina-","embeddable":true,"href":"https:\/\/www.senna.com\/en\/wp-json\/wp\/v2\/tipo-de-pagina-?post=37396"}],"curies":[{"name":"wp","href":"https:\/\/api.w.org\/{rel}","templated":true}]}}

<p>A temporada de 1987 ficou na história pela primeira conquista de um piloto brasileiro em Mônaco e pela incrível performance em Suzuka, onde Ayrton largou na sétima posição e garantiu o 2º lugar no pódio.</p>



<p>Apesar de uma temporada mediana por falta de investimento da equipe no carro, Senna conseguiu fechar a classificação geral em 3º lugar. Foi o último ano do piloto na Lotus.</p>

<p>A temporada de 1987 ficou na história pela primeira conquista de um piloto brasileiro em Mônaco e pela incrível performance em Suzuka, onde Ayrton largou na sétima posição e garantiu o 2º lugar no pódio. Apesar de uma temporada mediana por falta de investimento da equipe no carro, Senna conseguiu fechar a classificação geral em [&hellip;]</p>
