{"id":39284,"date":"2024-09-27T11:47:48","date_gmt":"2024-09-27T14:47:48","guid":{"rendered":"https:\/\/www.senna.com\/?post_type=gp-pages&#038;p=39284"},"modified":"2025-04-30T15:31:48","modified_gmt":"2025-04-30T18:31:48","slug":"grande-premio-de-portugal-1989","status":"publish","type":"gp-pages","link":"https:\/\/www.senna.com\/en\/gp\/temporada-1989\/grande-premio-de-portugal-1989\/","title":{"rendered":"Gp de Portugal 1989"},"content":{"rendered":"<p>O GP de Portugal foi uma das provas mais pol\u00eamicas da temporada de 1989 da F-1 e o desfecho desta prova abriu o caminho para o epis\u00f3dio final em Suzuka, no m\u00eas seguinte, quando Alain Prost jogou a McLaren em cima de Ayrton Senna.<br>Na verdade, tudo come\u00e7ou em Monza, duas semanas antes. Senna tinha 11 pontos de desvantagem para Prost na tabela e vencia o GP da It\u00e1lia com menos de 10 voltas para o final e com mais de 20 segundos de vantagem para o franc\u00eas. O motor Honda da McLaren estourou e deixou Senna a p\u00e9. Prost venceu e subiu para 71 pontos na tabela. Senna permaneceu com 51 pontos.<br>Precisando chegar na frente de Prost em Portugal para manter suas chances de t\u00edtulo, Senna e a McLaren n\u00e3o contavam com o progresso de Nigel Mansell e Gerhard Berger. O desempenho da Ferrari era crescente na temporada. A escuderia italiana chegou no Aut\u00f3dromo de Estoril para dificultar a prova para a dupla da McLaren, que levava o campeonato em uma disputa dom\u00e9stica.<br>Senna liderou todos os treinos e fez a pole position com o tempo de 1min15s468, 0s591 mais r\u00e1pido que Gerhard Berger, segundo no grid. O austr\u00edaco e o brit\u00e2nico Nigel Mansell se posicionaram \u00e0 frente de Alain Prost, que era apenas o quarto colocado.<\/p>","protected":false},"excerpt":{"rendered":"<p>O GP de Portugal foi uma das provas mais pol\u00eamicas da temporada de 1989 da F-1 e o desfecho desta prova abriu o caminho para o epis\u00f3dio final em Suzuka, no m\u00eas seguinte, quando Alain Prost jogou a McLaren em cima de Ayrton Senna.Na verdade, tudo come\u00e7ou em Monza, duas semanas antes. Senna tinha 11 [&hellip;]<\/p>","protected":false},"featured_media":39389,"parent":38571,"menu_order":0,"template":"","format":"standard","anos":[242],"tipo-de-pag-111":[227],"class_list":["post-39284","gp-pages","type-gp-pages","status-publish","format-standard","has-post-thumbnail","hentry","anos-242","tipo-de-pag-111-3-texto"],"_links":{"self":[{"href":"https:\/\/www.senna.com\/en\/wp-json\/wp\/v2\/gp-pages\/39284","targetHints":{"allow":["GET"]}}],"collection":[{"href":"https:\/\/www.senna.com\/en\/wp-json\/wp\/v2\/gp-pages"}],"about":[{"href":"https:\/\/www.senna.com\/en\/wp-json\/wp\/v2\/types\/gp-pages"}],"up":[{"embeddable":true,"href":"https:\/\/www.senna.com\/en\/wp-json\/wp\/v2\/gp-pages\/38571"}],"wp:featuredmedia":[{"embeddable":true,"href":"https:\/\/www.senna.com\/en\/wp-json\/wp\/v2\/media\/39389"}],"wp:attachment":[{"href":"https:\/\/www.senna.com\/en\/wp-json\/wp\/v2\/media?parent=39284"}],"wp:term":[{"taxonomy":"anos","embeddable":true,"href":"https:\/\/www.senna.com\/en\/wp-json\/wp\/v2\/anos?post=39284"},{"taxonomy":"tipo-de-pag-111","embeddable":true,"href":"https:\/\/www.senna.com\/en\/wp-json\/wp\/v2\/tipo-de-pag-111?post=39284"}],"curies":[{"name":"wp","href":"https:\/\/api.w.org\/{rel}","templated":true}]}}

<p>O GP de Portugal foi uma das provas mais polêmicas da temporada de 1989 da F-1 e o desfecho desta prova abriu o caminho para o episódio final em Suzuka, no mês seguinte, quando Alain Prost jogou a McLaren em cima de Ayrton Senna.<br>Na verdade, tudo começou em Monza, duas semanas antes. Senna tinha 11 pontos de desvantagem para Prost na tabela e vencia o GP da Itália com menos de 10 voltas para o final e com mais de 20 segundos de vantagem para o francês. O motor Honda da McLaren estourou e deixou Senna a pé. Prost venceu e subiu para 71 pontos na tabela. Senna permaneceu com 51 pontos.<br>Precisando chegar na frente de Prost em Portugal para manter suas chances de título, Senna e a McLaren não contavam com o progresso de Nigel Mansell e Gerhard Berger. O desempenho da Ferrari era crescente na temporada. A escuderia italiana chegou no Autódromo de Estoril para dificultar a prova para a dupla da McLaren, que levava o campeonato em uma disputa doméstica.<br>Senna liderou todos os treinos e fez a pole position com o tempo de 1min15s468, 0s591 mais rápido que Gerhard Berger, segundo no grid. O austríaco e o britânico Nigel Mansell se posicionaram à frente de Alain Prost, que era apenas o quarto colocado.</p>

<p>O GP de Portugal foi uma das provas mais polêmicas da temporada de 1989 da F-1 e o desfecho desta prova abriu o caminho para o episódio final em Suzuka, no mês seguinte, quando Alain Prost jogou a McLaren em cima de Ayrton Senna.Na verdade, tudo começou em Monza, duas semanas antes. Senna tinha 11 [&hellip;]</p>
