{"id":37785,"date":"2024-09-07T20:12:21","date_gmt":"2024-09-07T23:12:21","guid":{"rendered":"https:\/\/www.senna.com\/?post_type=legado&#038;p=37785"},"modified":"2024-11-26T12:56:28","modified_gmt":"2024-11-26T15:56:28","slug":"sennaticos","status":"publish","type":"legado","link":"https:\/\/www.senna.com\/en\/legado\/sennaticos\/","title":{"rendered":"Senn\u00e1ticos"},"content":{"rendered":"<p>Ayrton Senna tinha uma conex\u00e3o genu\u00edna com os f\u00e3s. Havia essa cumplicidade m\u00fatua na qual o campe\u00e3o recebia o caloroso combust\u00edvel do p\u00fablico e devolvia com performances espetaculares nas pistas. O carinho ultrapassou todas as fronteiras e se transformou em grandes f\u00e3-clubes, que abra\u00e7am povos do mundo todo.<\/p>\n\n\n\n<hr class=\"wp-block-separator has-alpha-channel-opacity\"\/>\n\n\n\n<p><\/p>\n\n\n\n<div class=\"wp-block-columns is-layout-flex wp-container-core-columns-is-layout-6 wp-block-columns-is-layout-flex\">\n<div class=\"wp-block-column is-layout-flow wp-block-column-is-layout-flow\">\n<div class=\"wp-block-columns is-layout-flex wp-container-core-columns-is-layout-1 wp-block-columns-is-layout-flex\">\n<div class=\"wp-block-column is-layout-flow wp-block-column-is-layout-flow\">\n<p><strong>Torcida Ayrton Senna<\/strong><\/p>\n\n\n\n<p>Presidente de Honra: Adilson Carvalho de Almeida<br>Respons\u00e1veis: Daniel Valentin, Edison Beneluca, Eduardo Soncini, Marcio Nascimento, Marcus Vinicius De Vicenzo Vieira dos Santos e Ra\u00ed Caldato.<br><br>Site: <a href=\"http:\/\/torcidaayrtonsenna.com.br\/site\/\">www.torcidaayrtonsenna.com.br<\/a><br>E-mail: contato@torcidaayrtonsenna.com<br>M\u00eddias: <a href=\"https:\/\/www.instagram.com\/torcidaayrtonsenna\/\">@torcidaayrtonsenna<\/a><br>Whatsapp: (11) 99689-6676<\/p>\n<\/div>\n\n\n\n<div class=\"wp-block-column is-layout-flow wp-block-column-is-layout-flow\">\n<p><strong>Acelera Ayrton<\/strong><\/p>\n\n\n\n<p>Fundadores: Daniel Pasch\u00f4a Mendon\u00e7a e Rodrigo Mendon\u00e7a.<br>Administradores: Sandra Borba, Luciana Albuquerque, Ana Bracarense, Luci J\u00falio, Jos\u00e9 Nildo Siqueira, Everaldo Silva, Rodolfo Ildefonso e J\u00falio Marcos.<br><br><br>Rua Araguaia, 1763 \u2013 Sala 644 \u2013 Freguesia \u2013 Jacarepagu\u00e1 CEP: 22.745-271<br>Tel (21) 98801-8484.<br>E-mail: <a href=\"mailto:aceleraayrtonfaclube@gmail.com\">aceleraayrtonfaclube@gmail.com<\/a><\/p>\n<\/div>\n\n\n\n<div class=\"wp-block-column is-layout-flow wp-block-column-is-layout-flow\">\n<p><strong>Tributo a um Campe\u00e3o<\/strong><\/p>\n\n\n\n<p>Resp.: Altair Kadiz dos Santos<br>Alameda kadiz, 111 Taboleiro \u2013 Cambori\u00fa \u2013 SC CEP: 88348059<\/p>\n\n\n\n<p>Telefone: 47 3363-7700 | 47 999673001<br>Email: tributo@kadiz.com.br<br>M\u00eddias: @tributosenna<br><a href=\"https:\/\/www.instagram.com\/tributosenna\/\">Instagram.com\/tributosenna<\/a><\/p>\n<\/div>\n<\/div>\n\n\n\n<div class=\"wp-block-columns is-layout-flex wp-container-core-columns-is-layout-2 wp-block-columns-is-layout-flex\">\n<div class=\"wp-block-column is-layout-flow wp-block-column-is-layout-flow\">\n<p><strong>Alemanha<\/strong><\/p>\n\n\n\n<p>Ayrton Senna Fanclub Germany<br>Erftstrasse 41 \u2013 D-41363 J\u00fcnchen<br>E-mail: <a href=\"mailto:heinzwernervoigt@aol.com\">heinzwernervoigt@aol.com<\/a><br>Respons\u00e1vel: Silke Voigt<\/p>\n<\/div>\n\n\n\n<div class=\"wp-block-column is-layout-flow wp-block-column-is-layout-flow\">\n<p><strong>Austr\u00e1lia<\/strong><\/p>\n\n\n\n<p>RAIN (Respectfully Ayrton\u2019s International Network.)<br>Melanie Whiting<br>PO BOX 23<br>Kangarilla SA<br>Australia 5157<\/p>\n<\/div>\n\n\n\n<div class=\"wp-block-column is-layout-flow wp-block-column-is-layout-flow\">\n<p><strong>B\u00e9lgica<\/strong><\/p>\n\n\n\n<p>Ayrton Senna Belgian Fan Club<br>53, rue Pasteur 4430ANSTel: 32 4 263 4333 \/ Fax: 32 4 263 2498<br>Respons\u00e1vel: Francine Godefroid<\/p>\n<\/div>\n<\/div>\n\n\n\n<div class=\"wp-block-columns is-layout-flex wp-container-core-columns-is-layout-3 wp-block-columns-is-layout-flex\">\n<div class=\"wp-block-column is-layout-flow wp-block-column-is-layout-flow\">\n<p><strong>B\u00e9lgica<\/strong><\/p>\n\n\n\n<p>Flanders Ayrton Senna Fanclub<br>Vaartstraat 32<br>8552 Moen<br>Tel\/Fax: 32 56 67 97 65<\/p>\n<\/div>\n\n\n\n<div class=\"wp-block-column is-layout-flow wp-block-column-is-layout-flow\">\n<p><strong>B\u00e9lgica<\/strong><\/p>\n\n\n\n<p>Magic Senna Fan Club Brussels<br>FKI Chausee de Buda 2 1830 Machelen &#8211; Brussels<br>Respons\u00e1vel: Mr. Patrick Badot<br>E-mail: <a href=\"mailto:magic_senna_fanclub@hotmail.com\">magic_senna_fanclub@hotmail.com<\/a><\/p>\n<\/div>\n\n\n\n<div class=\"wp-block-column is-layout-flow wp-block-column-is-layout-flow\">\n<p><strong>B\u00e9lgica<\/strong><\/p>\n\n\n\n<p>Senninha\u00b4s Friends<br>Flettestraat 2\/11 B 1700 Dilbeek<br>Respons\u00e1vel: Yvonne De Vleeschouwer<br>Tel\/Fax: 32 2 521 3986<br>E-mail: <a href=\"mailto:louis.de.vleeschouwer@skynet.be\">louis.de.vleeschouwer@skynet.be<\/a><\/p>\n<\/div>\n<\/div>\n\n\n\n<div class=\"wp-block-columns is-layout-flex wp-container-core-columns-is-layout-4 wp-block-columns-is-layout-flex\">\n<div class=\"wp-block-column is-layout-flow wp-block-column-is-layout-flow\">\n<p><strong>Canad\u00e1<\/strong><\/p>\n\n\n\n<p>Senna\u2019s Friends of Canada<br>946 Hedge Drive<br>Mississauga, Ontario<br>L4Y1G1 \u2013 Canad\u00e1<br>Tel: 1 289 232-4240<br>Resp: Egon Szenttamasy<br>E-mail: <a href=\"mailto:szenttamasy@yahoo.com\">szenttamasy@yahoo.com<\/a> <\/p>\n<\/div>\n\n\n\n<div class=\"wp-block-column is-layout-flow wp-block-column-is-layout-flow\">\n<p><strong>Fran\u00e7a<\/strong><\/p>\n\n\n\n<p>Les amis d\u00b4Ayrton<br>Galaxy 108 \u2013 6 bis rue de la Paroisse<br>78000 Versailles<br>Fran\u00e7a<br>Tel: 33 6 32 65 63 52<br>Resp: David Herpet<br>Site: www.amis-ayrton.com<br>E-mail: <a href=\"mailto:webmaster@amis-ayrton.com\">webmaster@amis-ayrton.com<\/a><\/p>\n<\/div>\n\n\n\n<div class=\"wp-block-column is-layout-flow wp-block-column-is-layout-flow\">\n<p><strong>It\u00e1lia<\/strong><\/p>\n\n\n\n<p>F\u00e3 Clube Ayrton Senna Estrela<br>Modena<br>Tel\/Fax: 39 059 774805<br>Resp: Isabella Odorici<br>E-mail: <a href=\"mailto:isabellaodorici@interfree.it\">isabellaodorici@interfree.it<\/a><\/p>\n<\/div>\n<\/div>\n\n\n\n<div class=\"wp-block-columns is-layout-flex wp-container-core-columns-is-layout-5 wp-block-columns-is-layout-flex\">\n<div class=\"wp-block-column is-layout-flow wp-block-column-is-layout-flow\">\n<p><strong>It\u00e1lia<\/strong><\/p>\n\n\n\n<p>Tifoseria Ayrton Senna (TAS)<\/p>\n\n\n\n<p>Site: <a href=\"http:\/\/torcidaayrtonsenna.com.br\/site\/\">www.torcidalocalhost.com<\/a><br>E-mail: contato@torcidalocalhost.com<br>M\u00eddias: <a href=\"https:\/\/www.instagram.com\/torcidaayrtonsenna\/\">@torcidaayrtonsenna<\/a><\/p>\n<\/div>\n\n\n\n<div class=\"wp-block-column is-layout-flow wp-block-column-is-layout-flow\">\n<p><strong>Jap\u00e3o<\/strong><\/p>\n\n\n\n<p>Ayrton Senna Memorial Club<br>Residence 102 2-7-10 kiba Koto-ku<br>T\u00f3quio 135-0016<br>Tel: 81 3 5621 5730 \/ Fax: 81 3 5621 5733<br>Resp: Tatsuya Hiraishi<br>Site: www1.neweb.ne.jp\/wa\/senna\/index.html <br>E-mail: <a href=\"mailto:senna-club@ma.neweb.ne.jp\">senna-club@ma.neweb.ne.jp<\/a><\/p>\n<\/div>\n\n\n\n<div class=\"wp-block-column is-layout-flow wp-block-column-is-layout-flow\">\n<p><strong>Su\u00ed\u00e7a<\/strong><\/p>\n\n\n\n<p>Ayrton Senna Swiss Fan\u00b4s Club<br>Rue du Pont 31<br>CH \u2013 1820 MONTREUX<br>Sui\u00e7a<br>Tel.\/Fax: 41 21 946 26 77<br>Resp: Sylvia Demierre<br>E-mail: <a href=\"mailto:s.roth@span.ch\">s.roth@span.ch<\/a><\/p>\n<\/div>\n<\/div>\n<\/div>\n<\/div>\n\n\n\n<p>Conhece algum f\u00e3-clube dedicado a Ayrton Senna? Nos ajude a aumentar essa lista e junte-se a n\u00f3s!<\/p>","protected":false},"excerpt":{"rendered":"<p>Conhe\u00e7a os f\u00e3-clubes oficiais de Ayrton Senna e saiba como fazer parte desse movimento mundial.<\/p>","protected":false},"featured_media":37805,"parent":0,"menu_order":0,"template":"","format":"standard","meta":[],"tipo-de-pag":[183],"class_list":["post-37785","legado","type-legado","status-publish","format-standard","has-post-thumbnail","hentry","tipo-de-pag-sennaticos"],"_links":{"self":[{"href":"https:\/\/www.senna.com\/en\/wp-json\/wp\/v2\/legado\/37785","targetHints":{"allow":["GET"]}}],"collection":[{"href":"https:\/\/www.senna.com\/en\/wp-json\/wp\/v2\/legado"}],"about":[{"href":"https:\/\/www.senna.com\/en\/wp-json\/wp\/v2\/types\/legado"}],"version-history":[{"count":0,"href":"https:\/\/www.senna.com\/en\/wp-json\/wp\/v2\/legado\/37785\/revisions"}],"wp:featuredmedia":[{"embeddable":true,"href":"https:\/\/www.senna.com\/en\/wp-json\/wp\/v2\/media\/37805"}],"wp:attachment":[{"href":"https:\/\/www.senna.com\/en\/wp-json\/wp\/v2\/media?parent=37785"}],"wp:term":[{"taxonomy":"tipo-de-pag","embeddable":true,"href":"https:\/\/www.senna.com\/en\/wp-json\/wp\/v2\/tipo-de-pag?post=37785"}],"curies":[{"name":"wp","href":"https:\/\/api.w.org\/{rel}","templated":true}]}}

Sennáticos

<p>Ayrton Senna tinha uma conexão genuína com os fãs. Havia essa cumplicidade mútua na qual o campeão recebia o caloroso combustível do público e devolvia com performances espetaculares nas pistas. O carinho ultrapassou todas as fronteiras e se transformou em grandes fã-clubes, que abraçam povos do mundo todo.</p>



<hr class="wp-block-separator has-alpha-channel-opacity"/>



<p></p>



<div class="wp-block-columns is-layout-flex wp-container-core-columns-is-layout-6 wp-block-columns-is-layout-flex">
<div class="wp-block-column is-layout-flow wp-block-column-is-layout-flow">
<div class="wp-block-columns is-layout-flex wp-container-core-columns-is-layout-1 wp-block-columns-is-layout-flex">
<div class="wp-block-column is-layout-flow wp-block-column-is-layout-flow">
<p><strong>Torcida Ayrton Senna</strong></p>



<p>Presidente de Honra: Adilson Carvalho de Almeida<br>Responsáveis: Daniel Valentin, Edison Beneluca, Eduardo Soncini, Marcio Nascimento, Marcus Vinicius De Vicenzo Vieira dos Santos e Raí Caldato.<br><br>Site: <a href="http://torcidaayrtonsenna.com.br/site/">www.torcidaayrtonsenna.com.br</a><br>E-mail: contato@torcidaayrtonsenna.com<br>Mídias: <a href="https://www.instagram.com/torcidaayrtonsenna/">@torcidaayrtonsenna</a><br>Whatsapp: (11) 99689-6676</p>
</div>



<div class="wp-block-column is-layout-flow wp-block-column-is-layout-flow">
<p><strong>Acelera Ayrton</strong></p>



<p>Fundadores: Daniel Paschôa Mendonça e Rodrigo Mendonça.<br>Administradores: Sandra Borba, Luciana Albuquerque, Ana Bracarense, Luci Júlio, José Nildo Siqueira, Everaldo Silva, Rodolfo Ildefonso e Júlio Marcos.<br><br><br>Rua Araguaia, 1763 – Sala 644 – Freguesia – Jacarepaguá CEP: 22.745-271<br>Tel (21) 98801-8484.<br>E-mail: <a href="mailto:aceleraayrtonfaclube@gmail.com">aceleraayrtonfaclube@gmail.com</a></p>
</div>



<div class="wp-block-column is-layout-flow wp-block-column-is-layout-flow">
<p><strong>Tributo a um Campeão</strong></p>



<p>Resp.: Altair Kadiz dos Santos<br>Alameda kadiz, 111 Taboleiro – Camboriú – SC CEP: 88348059</p>



<p>Telefone: 47 3363-7700 | 47 999673001<br>Email: tributo@kadiz.com.br<br>Mídias: @tributosenna<br><a href="https://www.instagram.com/tributosenna/">Instagram.com/tributosenna</a></p>
</div>
</div>



<div class="wp-block-columns is-layout-flex wp-container-core-columns-is-layout-2 wp-block-columns-is-layout-flex">
<div class="wp-block-column is-layout-flow wp-block-column-is-layout-flow">
<p><strong>Alemanha</strong></p>



<p>Ayrton Senna Fanclub Germany<br>Erftstrasse 41 – D-41363 Jünchen<br>E-mail: <a href="mailto:heinzwernervoigt@aol.com">heinzwernervoigt@aol.com</a><br>Responsável: Silke Voigt</p>
</div>



<div class="wp-block-column is-layout-flow wp-block-column-is-layout-flow">
<p><strong>Austrália</strong></p>



<p>RAIN (Respectfully Ayrton’s International Network.)<br>Melanie Whiting<br>PO BOX 23<br>Kangarilla SA<br>Australia 5157</p>
</div>



<div class="wp-block-column is-layout-flow wp-block-column-is-layout-flow">
<p><strong>Bélgica</strong></p>



<p>Ayrton Senna Belgian Fan Club<br>53, rue Pasteur 4430ANSTel: 32 4 263 4333 / Fax: 32 4 263 2498<br>Responsável: Francine Godefroid</p>
</div>
</div>



<div class="wp-block-columns is-layout-flex wp-container-core-columns-is-layout-3 wp-block-columns-is-layout-flex">
<div class="wp-block-column is-layout-flow wp-block-column-is-layout-flow">
<p><strong>Bélgica</strong></p>



<p>Flanders Ayrton Senna Fanclub<br>Vaartstraat 32<br>8552 Moen<br>Tel/Fax: 32 56 67 97 65</p>
</div>



<div class="wp-block-column is-layout-flow wp-block-column-is-layout-flow">
<p><strong>Bélgica</strong></p>



<p>Magic Senna Fan Club Brussels<br>FKI Chausee de Buda 2 1830 Machelen &#8211; Brussels<br>Responsável: Mr. Patrick Badot<br>E-mail: <a href="mailto:magic_senna_fanclub@hotmail.com">magic_senna_fanclub@hotmail.com</a></p>
</div>



<div class="wp-block-column is-layout-flow wp-block-column-is-layout-flow">
<p><strong>Bélgica</strong></p>



<p>Senninha´s Friends<br>Flettestraat 2/11 B 1700 Dilbeek<br>Responsável: Yvonne De Vleeschouwer<br>Tel/Fax: 32 2 521 3986<br>E-mail: <a href="mailto:louis.de.vleeschouwer@skynet.be">louis.de.vleeschouwer@skynet.be</a></p>
</div>
</div>



<div class="wp-block-columns is-layout-flex wp-container-core-columns-is-layout-4 wp-block-columns-is-layout-flex">
<div class="wp-block-column is-layout-flow wp-block-column-is-layout-flow">
<p><strong>Canadá</strong></p>



<p>Senna’s Friends of Canada<br>946 Hedge Drive<br>Mississauga, Ontario<br>L4Y1G1 – Canadá<br>Tel: 1 289 232-4240<br>Resp: Egon Szenttamasy<br>E-mail: <a href="mailto:szenttamasy@yahoo.com">szenttamasy@yahoo.com</a> </p>
</div>



<div class="wp-block-column is-layout-flow wp-block-column-is-layout-flow">
<p><strong>França</strong></p>



<p>Les amis d´Ayrton<br>Galaxy 108 – 6 bis rue de la Paroisse<br>78000 Versailles<br>França<br>Tel: 33 6 32 65 63 52<br>Resp: David Herpet<br>Site: www.amis-ayrton.com<br>E-mail: <a href="mailto:webmaster@amis-ayrton.com">webmaster@amis-ayrton.com</a></p>
</div>



<div class="wp-block-column is-layout-flow wp-block-column-is-layout-flow">
<p><strong>Itália</strong></p>



<p>Fã Clube Ayrton Senna Estrela<br>Modena<br>Tel/Fax: 39 059 774805<br>Resp: Isabella Odorici<br>E-mail: <a href="mailto:isabellaodorici@interfree.it">isabellaodorici@interfree.it</a></p>
</div>
</div>



<div class="wp-block-columns is-layout-flex wp-container-core-columns-is-layout-5 wp-block-columns-is-layout-flex">
<div class="wp-block-column is-layout-flow wp-block-column-is-layout-flow">
<p><strong>Itália</strong></p>



<p>Tifoseria Ayrton Senna (TAS)</p>



<p>Site: <a href="http://torcidaayrtonsenna.com.br/site/">www.torcidalocalhost.com</a><br>E-mail: contato@torcidalocalhost.com<br>Mídias: <a href="https://www.instagram.com/torcidaayrtonsenna/">@torcidaayrtonsenna</a></p>
</div>



<div class="wp-block-column is-layout-flow wp-block-column-is-layout-flow">
<p><strong>Japão</strong></p>



<p>Ayrton Senna Memorial Club<br>Residence 102 2-7-10 kiba Koto-ku<br>Tóquio 135-0016<br>Tel: 81 3 5621 5730 / Fax: 81 3 5621 5733<br>Resp: Tatsuya Hiraishi<br>Site: www1.neweb.ne.jp/wa/senna/index.html <br>E-mail: <a href="mailto:senna-club@ma.neweb.ne.jp">senna-club@ma.neweb.ne.jp</a></p>
</div>



<div class="wp-block-column is-layout-flow wp-block-column-is-layout-flow">
<p><strong>Suíça</strong></p>



<p>Ayrton Senna Swiss Fan´s Club<br>Rue du Pont 31<br>CH – 1820 MONTREUX<br>Suiça<br>Tel./Fax: 41 21 946 26 77<br>Resp: Sylvia Demierre<br>E-mail: <a href="mailto:s.roth@span.ch">s.roth@span.ch</a></p>
</div>
</div>
</div>
</div>



<p>Conhece algum fã-clube dedicado a Ayrton Senna? Nos ajude a aumentar essa lista e junte-se a nós!</p>

<p>Conheça os fã-clubes oficiais de Ayrton Senna e saiba como fazer parte desse movimento mundial.</p>
